hat are the prime factors of ((-2736)/54)/(x/108)?
2, 3, 19
Suppose 5021*t = 5069*t - 128928. What are the prime factors of t?
2, 17, 79
Suppose -446 = 4*m - 486. Suppose 3*d - 12 = 0, -5*n + m*n - 4*d = 2089. What are the prime factors of n?
421
Suppose 13*p - 15*p = -3*w + 8459, -4*w + 11288 = -5*p. Let v = w - 1307. What are the prime factors of v?
2, 5, 151
Let g = -5307 + 10032. What are the prime factors of g?
3, 5, 7
Let g(j) = 142*j - 28. Let r be g(6). Suppose -2*m + r = 54*k - 58*k, 2*k = -8. What are the prime factors of m?
2, 101
Let r = -19280 + 37014. List the prime factors of r.
2, 8867
Let o(d) = 12*d + 22. Suppose -2*g - 5*g = -84. Suppose 0 = c - 2*m, 5*c = 3*m + g + 2. List the prime factors of o(c).
2, 5, 7
Let c = 24408 - 8078. What are the prime factors of c?
2, 5, 23, 71
List the prime factors of 700880/(-5)*((-244)/(-3050) + (-33)/100).
2, 8761
Suppose 3*h - 105 = -417. Let a = h - -59. List the prime factors of (a/(-21) + -3)*-49.
2, 3, 7
Let b = -519 + 1108. Let q = 1176 - b. List the prime factors of q.
587
Let m = 37135 - 13177. List the prime factors of m.
2, 3, 11
Suppose -42*v - 258 = -44*v. Suppose 0*n - v = -3*n. Let b = 84 + n. What are the prime factors of b?
127
Let c(z) = -2207*z - 78. What are the prime factors of c(-6)?
2, 3, 1097
Let b = 11580 + 16380. List the prime factors of b.
2, 3, 5, 233
Suppose 4*z - 605 - 16839 + 4052 = 0. List the prime factors of z.
2, 3, 31
Suppose -10*r - 4*r + 14237 = -5251. List the prime factors of r.
2, 3, 29
Let j(q) = -13*q - 20. Let b be j(-1). What are the prime factors of 14692/14 - 1/(b/(-3))?
1049
Suppose 3*z + 3602 = 3632. What are the prime factors of z?
2, 5
Let o(u) = 1543*u - 810. List the prime factors of o(6).
2, 3, 11
Let q = -59 - -108. Let n(f) = q*f**3 - 299 + 299. List the prime factors of n(1).
7
Suppose 0 = -281*i + 270*i + 131733 + 43970. What are the prime factors of i?
15973
Let l(j) = -10*j**3 + j**2 - 16*j - 1. Suppose 19 = -11*f - 25. List the prime factors of l(f).
719
Let x = 10792 - 4852. List the prime factors of x.
2, 3, 5, 11
Suppose 0 = 60*w - 63*w - 3. What are the prime factors of (9/(-27))/(w/4647)?
1549
Let a(z) = 3*z - 25. Let y be a(11). Let q(i) = i**3 - 8*i**2 + 12*i - 13. Let p be q(y). Let c = p + 55. What are the prime factors of c?
2, 3, 23
Suppose -3*u = i - 9, 0 = u + 7*i - 4*i - 3. Suppose 3*w = 3*o + 17922, 0 = -u*o - 3*w - 12510 - 5436. List the prime factors of o/(-61) + (1 + 0)*-1.
97
What are the prime factors of (-287241)/(-15) + 69/115?
2, 5, 383
Suppose 0 = 2*g - 4*t + 284, 384 = -2*g - 2*t + 70. Let s = -130 - g. What are the prime factors of s?
2, 11
What are the prime factors of (-1*3 + 0)/((-969)/(-646)) + 9778?
2, 13, 47
Let r(k) = k**2 + 11*k + 29. Let g be r(-9). Let j = g - -204. Let p = j - 59. List the prime factors of p.
2, 3, 13
Suppose -5*z + 99 = -21. Suppose t + z = 13*t. Suppose 0 = b - 2*d - 29 - 53, 3*b = -t*d + 270. List the prime factors of b.
2, 11
Suppose -3*p + 347 = 2. Let b = 103 - p. List the prime factors of (-1160)/b - -1 - 1/(-3).
2, 7
Let v be (59*3/(-3))/((-9)/135). Suppose -v = -3*g + 1050. What are the prime factors of g?
3, 5, 43
Let q be (-8)/(-12) + 156/(-9)*5. Let f = 87 + q. List the prime factors of f*-1 + (12 - 4) + 54.
61
Let y(t) = t - 36 - 7*t - 4*t - 12*t**2 + 2*t**3 - 3*t**3. What are the prime factors of y(-17)?
1579
List the prime factors of (12 - 7 - 8/6*6) + 25425.
2, 3, 19, 223
Let q(f) = -80*f - 49. Let o(p) = -p - 1. Let j(d) = 17*d + 11. Let r(u) = j(u) + o(u). Let v(b) = 2*q(b) + 11*r(b). What are the prime factors of v(5)?
2, 23
Suppose 0 = 13*d + 179 + 3. Let f be 4/d + (-320)/7. Let j = f + 59. List the prime factors of j.
13
Suppose -2*j + 2*w = -25368, 54 - 54 = 3*w. What are the prime factors of j?
2, 3, 7, 151
Suppose -3*h + 159 - 156 = 0. List the prime factors of ((-11240)/80)/(h/(-2)).
281
What are the prime factors of -1 + (0 - 24) - -33081?
2, 1033
Suppose 2*d = -3*c + 30782, -8*d + 7*d = 5. What are the prime factors of c?
2, 1283
Let b = -980 + 5427. What are the prime factors of b?
4447
Let r be (-22)/(-66) + -10*1/3. Let p be -11 + (-1 - r - 1). List the prime factors of (-96)/((6/(-15))/((-6)/p)).
2, 3
Suppose -9*g + 14*g = 2*t + 153907, -4*t - 4 = 0. List the prime factors of g.
30781
Let b(o) = -62*o**3 - 24*o**2 + 11*o + 45. What are the prime factors of b(-5)?
2, 3, 5, 7, 17
Let z(f) = 41*f**3 - 33*f**2 + 145*f + 12. What are the prime factors of z(6)?
2, 3, 5, 19
Let o be -27 - -23 - (-1 + -3). Let z be 4/20 + (-267)/(-15) - o. Suppose -4*s - z = -142. List the prime factors of s.
31
Let o(u) = 35*u**3 + u**2 - 4*u + 2. Suppose -2*p - 2*m = 8, -2*m - 15 = 5*p + 2*m. Let j be o(p). Let g = j - -21. What are the prime factors of g?
5, 11
Let u = 3602 - 350. What are the prime factors of (u/15)/((-8)/(-20))?
2, 271
Suppose -s + 18073 = -5*g - 4677, 0 = -2*s - 5*g + 45470. What are the prime factors of s?
2, 3, 5, 379
Let v = 575 + -1210. Let n = -451 - v. List the prime factors of n.
2, 23
Suppose 0 = 8*r + 22 - 78. Suppose -12 = -r*w + 9. Suppose 2*b + w*b = 430. List the prime factors of b.
2, 43
Let s(c) = 4*c**2 + 97 - 4*c**2 + 3*c**2 - 2*c - 2*c**2. What are the prime factors of s(8)?
5, 29
Suppose 4*k - 7003 = -9*f + 8*f, k = -3*f + 21042. What are the prime factors of f?
5, 23, 61
List the prime factors of (1310/(-4))/((-136)/16 + 8).
5, 131
Let l(a) = -44*a - 125. Let v be -6 + 12/8*-4. What are the prime factors of l(v)?
13, 31
Suppose -227*h = -69*h - 278712. List the prime factors of h.
2, 3, 7
Let l be 3014/(-33) - (-2)/(-3). Let p = -42 - l. Let q = p - -1. List the prime factors of q.
3, 17
Let d = -10606 - -22100. What are the prime factors of d?
2, 7, 821
Let i be (-20)/(-5)*(-255)/12. Let s = i + 280. What are the prime factors of s?
3, 5, 13
Let s = 186 - -106. Let t = s - -189. List the prime factors of t.
13, 37
Let q be (1/4)/(7/56). Suppose -4*s + 3*y - q*y = -1331, s - 3*y = 319. List the prime factors of s.
2, 167
Let o(f) = -f**3 - 9*f**2 - 8*f - 2. Let h be o(-9). Suppose 10*m + 362 = -198. Let b = h + m. What are the prime factors of b?
2, 7
Let a = 310 - 700. Let p = 761 + a. What are the prime factors of p?
7, 53
Let y(z) be the first derivative of z**3 + 10*z**2 - 10*z + 121. What are the prime factors of y(8)?
2, 3, 19
Let s(f) = f**3 - f**2 - 3*f + 5. Let b be s(3). Suppose -15 = 9*v - b*v. Suppose 0 = r - 4*o - 69, -o - v*o - 312 = -4*r. List the prime factors of r.
3
Let g(c) = 11*c - 16 - 6 + 6. Suppose 2*y + u - 24 = -0*u, 30 = 2*y + 4*u. What are the prime factors of g(y)?
3, 5, 7
Let j(d) = 30964*d - 260. List the prime factors of j(1).
2, 19, 101
Suppose 3*t = -n + 33533, 13*t + 4*n - 33539 = 10*t. What are the prime factors of t?
11177
Let h(w) = 4*w**2 - 33*w - 1202. What are the prime factors of h(-44)?
2, 7, 571
Suppose 12*b - 7*b = -4*z + 3708, -2*z = 4*b - 1860. List the prime factors of z.
2, 461
Let a be -3 - (22305/(-135) - 4/(-18)). Let r = -111 + a. What are the prime factors of r?
3, 17
Let c = -117 + 119. Suppose -a = b - 237 - 59, 0 = -c*b - 4*a + 582. List the prime factors of b.
7, 43
Let h(m) = m**2 - 5*m - 1. Suppose -4*p + 5 + 47 = 0. Let l be h(p). Suppose l = -5*c + 573. List the prime factors of c.
2, 47
Suppose 67*a + 1882070 = 237*a. What are the prime factors of a?
11071
Suppose -4*t = -5*c + 204098, -10*t - 81642 = -2*c - 8*t. List the prime factors of c.
2, 20407
Let u = -6669 + 13887. What are the prime factors of u?
2, 3, 401
Let q be (2 + -1)*30/(-6). Let r = 7 + q. Suppose r*l + w = 145, -2*w - 4 = -6*w. What are the prime factors of l?
2, 3
Let v = -447 + 449. Suppose u = -v*m + 1103, -4*m = 4*u - 4408 + 16. What are the prime factors of u?
1093
Let n(z) = -z**3 + 22*z**2 - 33*z + 4. Let y(b) be the first derivative of b**3 + 4*b**2 - 15*b - 13. Let u be y(-5). List the prime factors of n(u).
2, 3
Let y = -455 - -425. List the prime factors of y/(-2)*((-104)/(-6) - 9).
5
Suppose -53*l = -16*l - 25*l - 303576. List the prime factors of l.
2, 7, 13, 139
Suppose -5*a - 2*t - 2803 + 124850 = 0, 3*a + 5*t - 73213 = 0. List the prime factors of a.
3, 79, 103
Let h = -1262 + 2545. Suppose h = 5*o - r + 5*r, r = 3*o - 763. What are the prime factors of o?
3, 5, 17
Suppose -10*p